22 = -3*v - 3, 2*v + 5*k + 19 = 0. Suppose 0 = 2*y + v*y - 30. What are the prime factors of y?
2, 3
Let g(x) = -11*x**3 + 18*x**2 - 20*x + 7. Let h(k) = 7*k**3 - 12*k**2 + 13*k - 5. Let i(q) = -5*g(q) - 8*h(q). What are the prime factors of i(5)?
2, 5
What are the prime factors of (-1 - 3)/((-10)/35)?
2, 7
Let t be (-1)/(-2)*(2 - 2). Let k(u) = 3*u**2 + 3*u. Let y be k(4). Suppose -y = -5*b - t*b. List the prime factors of b.
2, 3
What are the prime factors of (-18)/(-45) - (-426)/10?
43
Let r be (0/2)/(1 + -2). Let d = r + -5. Let p = 10 + d. List the prime factors of p.
5
Let v(l) be the second derivative of l**5/20 + l**4/2 + l**3/2 - 2*l. Suppose -2*q - 3*q = 25. List the prime factors of v(q).
2, 5
Let u = -5 + 3. What are the prime factors of (-38 + u)*(-4)/5?
2
Let k be (-60)/18*(-132)/5. Suppose y + 4 = 5*g + 60, -k = -2*y + 4*g. What are the prime factors of y?
2, 3
Let u(s) = -2 - 2*s + 0 - 2 - 3. List the prime factors of u(-11).
3, 5
Suppose -4*q - 3*n = -n - 60, 2*q - 34 = -2*n. List the prime factors of q.
13
Let s(u) = u - 10. Let l(g) = -g - 1. Let q(b) = -4*l(b) + s(b). What are the prime factors of q(5)?
19
Suppose 4*s - 5 - 7 = -o, 4*o + 5*s - 103 = 0. What are the prime factors of o?
2
Suppose y = -4*y + 180. Suppose 5*f - y = f. List the prime factors of f.
3
Suppose 152 = 5*j - 33. What are the prime factors of j?
37
Let h(w) = -w + 3. Let m be h(0). Let k(g) = -g**2 - 12*g + 14. Let f be k(-6). Suppose -m*j = 2*j - f. What are the prime factors of j?
2, 5
Let u(l) = 3*l**2 + 1. Let n be u(1). Let q(o) = 2*o - 4 + 1 + 3. What are the prime factors of q(n)?
2
Suppose 2*l = -16 - 16. Let q = l + 22. Suppose -q = -2*c + 4*m - 3*m, -15 = -5*c - 3*m. List the prime factors of c.
3
Let k = 7 - 7. Suppose c - 4 - 4 = k. What are the prime factors of c?
2
Let u(d) = 22*d**3. Let a = 3 + -2. Let m be u(a). Suppose -3 = o, 2*o + 4 = 5*j - m. List the prime factors of j.
2
Let q be (-174)/9 - 2/(-6). Let x = 48 + q. Suppose -3*m = -0*b + b - x, -m = 3*b - 7. What are the prime factors of m?
2, 5
Let n = 32 + 82. List the prime factors of n.
2, 3, 19
Let n = 58 - 35. List the prime factors of n.
23
Let o = -31 - -18. Suppose d + 4 + 0 = 0. Let w = d - o. What are the prime factors of w?
3
Let y = -91 + 123. List the prime factors of y.
2
Let l = -275 + 497. List the prime factors of (-30)/(-50) - l/(-5).
3, 5
Let b(w) = 8*w - 5. Let t(s) = -16*s + 9. Let u(i) = 5*b(i) + 3*t(i). What are the prime factors of u(-4)?
2, 17
Suppose 2*g + 4*i = i + 113, 4*i - 300 = -5*g. What are the prime factors of g?
2
Suppose 4*q + 18 = q. List the prime factors of (30/(-4))/(3/q).
3, 5
Let k be (-6 - -6) + (2 - -1). Suppose 6*t + 5*j - 21 = k*t, -3*j + 15 = 3*t. Suppose -t*h + 47 = h + 5*f, -5*h + 2*f = -37. List the prime factors of h.
3
Suppose 5 = 5*y - g, 0*y + 4*g + 20 = -y. Suppose -3*v + 48 = -y*v. Let l = 27 - v. What are the prime factors of l?
11
What are the prime factors of 1/3 + (-123)/(-9)?
2, 7
Let s = -3 + 8. What are the prime factors of s?
5
Let f = -58 + 90. Let h = 0 + f. What are the prime factors of h?
2
Suppose -121 = -4*a + 5*t, t + 1 = 4. List the prime factors of a.
2, 17
Let j(m) = m**3 + 4*m**2 + 3*m + 1. Let d be j(-2). Let x = 21 - d. List the prime factors of x.
2, 3
Let o(s) be the first derivative of -s**5/30 - s**4/12 - s**3/3 + 2. Let j(z) be the third derivative of o(z). List the prime factors of j(-2).
2, 3
Suppose 34 = 4*w - 18. List the prime factors of w.
13
Suppose 55 = -3*j - 2*m - 50, 2*j + 51 = 5*m. Let t = 46 + j. List the prime factors of t.
13
Suppose 5*u = -5*v + 20, 3*u + v + 6 = 4*v. Let y be 12/21*14/4. Let d = y + u. List the prime factors of d.
3
Let f(o) = -o - 5. List the prime factors of f(-17).
2, 3
Suppose -3*f + 6 + 0 = 0. Suppose -10 = -5*i - 5. Suppose -3*y = -3*g - 42, 2*y + f*g - i = 11. What are the prime factors of y?
2, 5
Let x(k) = -k**2 + 5*k + 6. Let s be x(6). Let t(u) = -4*u - 3*u**2 + 4*u**2 + 9 - 2*u**2 + 3*u. What are the prime factors of t(s)?
3
Let v(g) = -g + 1. Let s(j) = -7*j - 4. Let w(b) = s(b) + 3*v(b). Let o be w(-4). Let l = o + -28. What are the prime factors of l?
11
Let a(f) = 10*f - 43. What are the prime factors of a(5)?
7
Let y be 2/(-9) + (-12)/(-54). What are the prime factors of (-11)/(-1) - (3 + y)?
2
List the prime factors of (2 + -8)*(-872)/16.
3, 109
Let l(g) be the first derivative of g**3/3 + 4*g**2 - 7*g + 1. What are the prime factors of l(-11)?
2, 13
Let a = 17 - 12. Suppose -u - 12 = -4*d, -u + 5 = a*d - 28. Suppose -2*r + 4*m - u = 0, 2*r - 2*m + 0 - 2 = 0. What are the prime factors of r?
2, 3
Let c = -105 - -195. List the prime factors of c.
2, 3, 5
Let h = 11 + -16. Let w = 0 - h. List the prime factors of w.
5
List the prime factors of 0 + 99 + 1/(-1).
2, 7
Suppose -2 + 5 = s. Let l(z) = 4 - 8*z**2 + s - 5*z**3 + 4*z**3. List the prime factors of l(-8).
7
Suppose -320 = -2*i - 76. What are the prime factors of i?
2, 61
Let c(f) = -5*f - 1. Let t be c(-2). List the prime factors of (2 - 10)*t/(-12).
2, 3
Let v = 18 + 12. List the prime factors of v.
2, 3, 5
Let q(x) = 149*x - 1. List the prime factors of q(1).
2, 37
Suppose p - 11 = 5*p - 5*j, -4*j = -3*p - 9. What are the prime factors of (2/(-1) - p) + 15?
2, 3
Suppose v + 64 = -5*z, 0*z - 20 = z + 2*v. What are the prime factors of (-3 + (-28)/(-12))*z?
2
Suppose 3*z = 21 + 6. Let t(a) = a**2 - 7*a - 11. Let q be t(z). Suppose s = q + 1. What are the prime factors of s?
2
Let h = 48 - 5. List the prime factors of h.
43
Suppose 10*q + 12 = 13*q. What are the prime factors of q?
2
Let o = -6 + 8. Let b(a) = a - 2. Let u be b(6). What are the prime factors of ((-1)/o)/((-1)/u)?
2
Suppose -7*k + 5*k = -18. What are the prime factors of k/6 + 75/6?
2, 7
Suppose 5*i = 3*i + 92. List the prime factors of i.
2, 23
Suppose 0 = -4*h + 8 - 0. Suppose h*g - 1 = 11. What are the prime factors of (g - 7) + (-16)/(-2)?
7
What are the prime factors of (-87)/(4 + -5 + 0)?
3, 29
Suppose 2*b = -3*w + 42, -4*b + 5*w + 25 = -b. Let k = b - 13. List the prime factors of k.
2
Suppose 0*p = 4*r + p - 56, r - 2*p - 14 = 0. Let f = -16 + 12. What are the prime factors of -1 + (-2)/f*r?
2, 3
Let w be ((-8)/6)/(2/(-3)). Suppose w*x + x - 6 = 0. What are the prime factors of x?
2
Suppose 0 = 2*l - x + 3*x - 110, 5*l - x = 299. What are the prime factors of l?
59
Suppose 25 = 5*a - 0. Suppose 27 = -n + a. What are the prime factors of (-4)/n - (-489)/33?
3, 5
Suppose w - 290 = -2*w - 5*a, -2*w + 5*a = -185. What are the prime factors of w?
5, 19
What are the prime factors of (1 + -4 + 2)/((-3)/249)?
83
Let q(c) = c**2 + 9*c + 11. Let u be q(-8). Suppose 2*f - 3*f = 4*l - 47, 0 = f - u*l - 54. What are the prime factors of f?
3, 17
List the prime factors of 4 + 0 - 0/(-4).
2
Let u = -185 - -128. Let p = -102 - u. Let k = 63 + p. List the prime factors of k.
2, 3
Let w(d) = d**3 + 7*d**2 + 5*d + 4. Let k be w(-5). Let y = 46 - k. List the prime factors of y.
17
Suppose 2*v + 0*v = -52. Let y = v + 39. What are the prime factors of y?
13
Let v = 47 + -129. Let z = -33 - v. List the prime factors of z.
7
Let o(z) be the first derivative of z + 2. Let i(w) = -w + 7. Let m(x) = i(x) + 5*o(x). What are the prime factors of m(9)?
3
Let q be -2 - 16/(1 - 3). Suppose w - 3*w - n + 16 = 0, -3*w - 5*n + 10 = 0. Let v = w - q. What are the prime factors of v?
2
Suppose 0 = 2*t + 5*b - 147, 3*t - 2*t - 79 = 3*b. Suppose 0 = p + p - t. List the prime factors of p.
2, 19
Let m = -5 + 18. Suppose m + 11 = 4*j. What are the prime factors of j?
2, 3
Suppose -8*n = -4*n - 132. Let b = n + -6. List the prime factors of b.
3
Let r(b) = 13*b - 2. Let p(s) = 40*s - 6. Let d(i) = -5*p(i) + 16*r(i). What are the prime factors of d(2)?
2, 7
Let n(x) be the second derivative of -x**3/3 - 5*x**2/2 + 4*x. List the prime factors of n(-6).
7
Let b = 37 - 9. Let s = 57 - b. List the prime factors of 4/(-18) - s/(-9).
3
Let r(x) = 6*x**2 - 5*x - 5. List the prime factors of r(-2).
29
Suppose -4*t + 2*j - 9 + 1 = 0, 0 = -4*j + 16. Let p = -1 - -4. Suppose -m + p = -t*m. List the prime factors of m.
3
Let l be 1/2 - 68/(-8). Suppose 0 = 3*o + 2*h - 35, 5*o + 4*h - 66 = -l. List the prime factors of o.
13
Let j(y) = y**3 - 3*y**2 + y + 2. Let q be j(3)